17). Calculate the greatest common divisor of v and k.
18
Let i be 130 + -3 + -3 + 4. Suppose l - 2*l - 19 = -c, c - 25 = 3*l. What is the highest common divisor of i and c?
16
Suppose 1510 = 5*d + 250. What is the greatest common factor of d and 28?
28
Suppose s - 1 - 27 = -2*b, -s + b = -13. Let y = 44 + -74. Let o = y + 42. What is the highest common factor of s and o?
6
Suppose o + 2 = l, -2*l + 12 = 4*o - l. Let n(v) = v - 2 + 4 + 0. Let i be n(o). Calculate the highest common divisor of 16 and i.
4
Let i = 124 + -43. Calculate the highest common factor of 9 and i.
9
Suppose -2*h = 5*n + 13, -3*h - 2*n = -2*h + 4. Let l be ((-48)/(-20))/(2/5) + 0. What is the greatest common divisor of h and l?
6
Let y = 129 + -114. What is the greatest common factor of y and 20?
5
Let p(l) = 0 + 3 + 2*l**2 - 3*l**2 - 5*l + 1. Let i be p(-5). Suppose 0 = 5*f + i*u + 32 - 90, -3*u + 36 = 3*f. What is the highest common divisor of 70 and f?
10
Suppose 0 = -2*l + 60 - 4. Calculate the highest common factor of l and 56.
28
Suppose 0 = -8*y + 11*y - 39. Suppose 3*h = -0*h + 312. What is the highest common divisor of y and h?
13
Suppose 2*a + 3*a = 0. Suppose -d = -1 - 1. Suppose a*p = -d*p + 72. What is the highest common factor of 12 and p?
12
Let z = -51 + 100. Let l = z + 21. Calculate the greatest common divisor of 28 and l.
14
Suppose 2*k + 2*x = 5*k - 1279, 0 = 5*x - 20. Calculate the highest common factor of k and 39.
39
Suppose x + 4 = 2*g + 3*g, 4*x + 16 = -5*g. Suppose g = -6*n + 2*n + 112. Calculate the greatest common factor of n and 14.
14
Let t = -4 - -2. Let u be (-3)/((-3)/(-82))*t. Let b = u - 104. Calculate the greatest common divisor of b and 12.
12
Let c(i) = -i + 3. Let a be c(2). Let t = -2 - a. Let r be (-3)/t + 0/(-2). Calculate the highest common divisor of r and 9.
1
Let a(c) = c**2 + c - 5. Let t be a(-4). Suppose 4*r - t*r = -9. Suppose -r*s + 60 = -0*s. Calculate the greatest common divisor of 50 and s.
10
Let w = 130 - 103. Let n be (-18)/(-4)*4/6. Calculate the highest common factor of w and n.
3
Let u be 26*(1 + 2/(-4)). Let w(z) = -z**2 - 23*z - 13. Let n be w(-10). What is the greatest common divisor of n and u?
13
Suppose 0 = -s + 14 - 4. What is the greatest common factor of s and 15?
5
Let w be 1*((-8)/(-2) + 1). Suppose -w*o = -2*k - 57, -o - k = -2 - 8. Calculate the greatest common factor of 1 and o.
1
Let v be (6/3)/(2/12). Let y be 2*811/15 + 158/(-1185). Calculate the highest common divisor of v and y.
12
Let i(z) = z**2 + z. Let x = 6 + -8. Let j be i(x). Let a be (-15)/2*16/(-20). Calculate the highest common divisor of j and a.
2
Let j(g) = -g**3 - 11*g**2 - 6*g - 26. Let w be j(-11). What is the highest common factor of 100 and w?
20
Suppose 5*v - 55 = -5*c, 2*c + 3*c - 65 = 5*v. What is the highest common divisor of c and 8?
4
Let w be 2/(-6) + (-73)/(-3). Suppose -5*x + 3*x = -32. Calculate the greatest common divisor of x and w.
8
Let i(f) = -f**3 - 3*f**2 - 2*f + 2. Let y be i(-2). Suppose 64 = 2*o + 2*o. What is the greatest common factor of y and o?
2
Let h = -21 - -28. Calculate the greatest common divisor of 63 and h.
7
Let g be (3 + 7/(-5))*10. Suppose c = -3*c + g. What is the greatest common factor of c and 8?
4
Let n(p) = -p**3 + 5*p**2 - 2*p + 2. Let v be n(4). Let c be (-8)/(4/(-40)*1). Calculate the highest common divisor of v and c.
10
Suppose 2*k + 6 = 36. Let y = -11 + k. Let m be 27/6*16/2. Calculate the greatest common divisor of m and y.
4
Let c = -111 + 171. Let j = 70 + -46. Calculate the highest common factor of c and j.
12
Suppose 0 = b - j - 9, 0*j - 7 = 2*b + 3*j. What is the greatest common divisor of 4 and b?
4
Let q(x) = 2*x + 7. Let h be q(-6). Let s = 10 + h. Calculate the greatest common factor of 55 and s.
5
Let k be 0*-1*(-1 - -2). Suppose 5*h - 7 - 13 = k. Let n = 6 - h. What is the greatest common factor of n and 5?
1
Suppose 4*j = -3*m - 2, -3*m = j - 1 - 3. Suppose -3*v + 10 = -m*v. What is the highest common divisor of 20 and v?
10
Let r(c) = -2*c**3 + c**2 + 1. Let n be r(-2). Suppose -21 = 6*a + 21. Let j = a + n. What is the highest common factor of j and 154?
14
Suppose 3*a - 37 - 95 = 3*u, 2*u = -8. Suppose 16 = 2*r - 2*t, 4*t - 5 = -3*r - 2. Calculate the greatest common factor of r and a.
5
Let w = 158 + -107. Suppose 46 = 2*r - 3*h, -5*r + 119 - 14 = -5*h. Calculate the highest common divisor of w and r.
17
Let b = 126 + -18. Suppose -92 - 93 = -5*v. Suppose -3*s + v - 1 = 0. Calculate the greatest common divisor of b and s.
12
Let r(h) = -h**2 + 6*h - 3. Let u be r(5). Let d be 193/4 + u/(-8). What is the greatest common factor of 12 and d?
12
Let q(j) = -31*j**3 - 2*j**2 + 2. Let c be q(-2). What is the highest common divisor of 22 and c?
22
Suppose 6*i = 2*i + 4. What is the greatest common factor of 5 and i?
1
Suppose -t + 21 = 2*t. Suppose 0 = -5*k - 5*j + 60, -3*k + 3*j = -t*k + 51. Calculate the greatest common factor of k and 6.
3
Let h be 12/(-18) - (-59)/3. Let x = 289 + -194. What is the highest common divisor of h and x?
19
Suppose 5*w - 20 = 0, -2*u + 4*w = -3*u + 21. Suppose 0*m - u*m = -55. Calculate the highest common divisor of m and 22.
11
Suppose -4*k - 2*i = -18, -2*k + 1 - 17 = -4*i. Let v be 2/(-12)*k*-3. Calculate the greatest common divisor of 4 and v.
1
Let z be 1/4 + 172/16. What is the highest common divisor of z and 1?
1
Let c(h) = -50*h - 17. Let b(k) = 17*k + 6. Let d(j) = -8*b(j) - 3*c(j). Let z be d(3). Calculate the highest common divisor of z and 5.
5
Suppose 5*w = 0, -4*w + 0*w + 2 = f. Suppose 207 = f*d - 145. Calculate the highest common factor of 16 and d.
16
Let s = 188 - 164. Calculate the highest common factor of 156 and s.
12
Let l = 3 - 2. Let x(i) = i**2 + i - 1. Let w be x(l). Let k be 2/(3 + -2 + w). What is the highest common divisor of 3 and k?
1
Let q = 10 - 5. Let b be q + (1 - (-2 + 5)). Let i = 9 + -6. What is the greatest common divisor of b and i?
3
Let b = 1 - 1. Suppose 0 = u + 1 - b. Let h be u/(3/(12*-2)). What is the greatest common factor of h and 4?
4
Suppose 2*f + 342 = 2*l, 2*f + 3*f = 0. Let r = -116 + l. Calculate the highest common divisor of 5 and r.
5
Let a be -6 - -9 - (-1 - 9). Calculate the greatest common factor of a and 65.
13
Let c be -3*((-28)/6 - 2). Suppose -2*s = s - 6. Suppose 0*j - s*j = -120. What is the greatest common divisor of c and j?
20
Suppose -2*l + 31 + 29 = 0. Let g(t) = t - 5*t**2 + 5*t**2 + t**2 + 2 + 2*t. Let w be g(-6). Calculate the highest common factor of w and l.
10
Suppose 2*p + 25 = 7*p. Let m = 34 + -33. Let j be 5*m*(10 - 2). What is the greatest common divisor of p and j?
5
Let j = 39 + -17. Calculate the highest common divisor of j and 2.
2
Let t be -2*((-58)/4 + 0). Calculate the greatest common divisor of t and 232.
29
Let y = -145 + 618. Let b = y - 329. What is the highest common factor of b and 18?
18
Let t be (3/(-6))/(2/(-24)). Suppose -3*y = -y - 4. Suppose -y*i = -0 - 30. Calculate the highest common factor of t and i.
3
Let n be (12/8)/3*(95 + 3). Calculate the highest common divisor of n and 245.
49
Let k = 13 - 9. Suppose z - 12 = -3*z. Suppose 1 = k*o - z*o. Calculate the highest common factor of 1 and o.
1
Let b = 7 + -2. Suppose b*l = 195 - 35. Calculate the highest common factor of l and 4.
4
Suppose 20 = 5*z, k - 3*z - 6 = -0*z. Let t be 28/5 + 4/10. What is the greatest common factor of t and k?
6
Let o be 22/8 - 3/(-12). Suppose -o*z - 23 = 4*d - 5*d, -2*d - 4*z + 36 = 0. Calculate the greatest common divisor of d and 20.
20
Let d = 531 - 311. Let r(g) = 2*g**3 - 4*g**2 + 3*g - 4. Let n be r(4). Suppose -5*m = -172 + n. What is the greatest common divisor of m and d?
20
Let y(w) = 23*w**2 - 4*w. Let n be y(3). What is the greatest common divisor of n and 39?
39
Suppose 18*g + 165 = a + 14*g, 0 = -2*a + 2*g + 312. Suppose 6*w = 2*w + 68. What is the highest common factor of a and w?
17
Let v(d) = 13*d - 5. Let a be v(5). Suppose -4*c - 2*k + 94 = 0, -5*c + 4*k + 28 = -4*c. What is the highest common divisor of c and a?
12
Suppose -2*l + 2*f + 80 = 0, -40 = -l - 0*l - 3*f. Let n be 64/6 - (-16)/(-24). Calculate the highest common divisor of l and n.
10
Let p(t) = -2*t**3 - 27*t**2 + 11*t - 10. Let r be p(-14). What is the greatest common fact